13
Calculate the remainder when 2864 is divided by 950.
14
Calculate the remainder when 6752 is divided by 11.
9
Calculate the remainder when 167774 is divided by 75.
74
Calculate the remainder when 54341 is divided by 294.
245
What is the remainder when 5098 is divided by 11?
5
Calculate the remainder when 491 is divided by 88.
51
What is the remainder when 203337 is divided by 171?
18
Calculate the remainder when 10500 is divided by 503.
440
What is the remainder when 166669 is divided by 311?
284
Calculate the remainder when 2403 is divided by 615.
558
What is the remainder when 1200013 is divided by 1676?
1673
What is the remainder when 66101 is divided by 37?
19
What is the remainder when 78893 is divided by 509?
507
Calculate the remainder when 2505 is divided by 276.
21
Calculate the remainder when 136597 is divided by 38.
25
Calculate the remainder when 16896 is divided by 279.
156
What is the remainder when 11768 is divided by 36?
32
Calculate the remainder when 3387 is divided by 1091.
114
What is the remainder when 25431 is divided by 154?
21
What is the remainder when 3500 is divided by 95?
80
Calculate the remainder when 209391 is divided by 569.
568
What is the remainder when 27006 is divided by 55?
1
Calculate the remainder when 1325 is divided by 444.
437
What is the remainder when 91445 is divided by 2689?
19
Calculate the remainder when 313380 is divided by 313374.
6
What is the remainder when 127119 is divided by 42344?
87
Calculate the remainder when 92605 is divided by 3424.
157
Calculate the remainder when 1546 is divided by 367.
78
What is the remainder when 37907 is divided by 3443?
34
What is the remainder when 26020 is divided by 13008?
4
What is the remainder when 3150 is divided by 636?
606
What is the remainder when 2580 is divided by 643?
8
Calculate the remainder when 2102 is divided by 84.
2
What is the remainder when 31471 is divided by 126?
97
What is the remainder when 7998 is divided by 378?
60
What is the remainder when 37125 is divided by 368?
325
What is the remainder when 191423 is divided by 47855?
3
Calculate the remainder when 4511 is divided by 43.
39
Calculate the remainder when 4563 is divided by 982.
635
What is the remainder when 38207 is divided by 19?
17
Calculate the remainder when 27836 is divided by 174.
170
Calculate the remainder when 1027 is divided by 933.
94
What is the remainder when 23393 is divided by 11692?
9
Calculate the remainder when 62614 is divided by 3.
1
What is the remainder when 24429 is divided by 197?
1
Calculate the remainder when 5817 is divided by 277.
0
What is the remainder when 5372 is divided by 1066?
42
Calculate the remainder when 772 is divided by 85.
7
Calculate the remainder when 170474 is divided by 1639.
18
Calculate the remainder when 39292 is divided by 1636.
28
What is the remainder when 34060 is divided by 207?
112
What is the remainder when 176038 is divided by 163?
161
What is the remainder when 379 is divided by 3?
1
Calculate the remainder when 380437 is divided by 380434.
3
What is the remainder when 2618 is divided by 29?
8
Calculate the remainder when 13522 is divided by 134.
122
Calculate the remainder when 33512 is divided by 1861.
14
What is the remainder when 20166 is divided by 55?
36
What is the remainder when 566412 is divided by 66?
0
What is the remainder when 28859 is divided by 184?
155
What is the remainder when 5681 is divided by 1091?
226
What is the remainder when 993522 is divided by 75?
72
Calculate the remainder when 80479 is divided by 344.
327
Calculate the remainder when 4405 is divided by 542.
69
Calculate the remainder when 207797 is divided by 1267.
9
What is the remainder when 15565 is divided by 86?
85
Calculate the remainder when 6197 is divided by 3090.
17
What is the remainder when 9392 is divided by 48?
32
Calculate the remainder when 658806 is divided by 2431.
5
What is the remainder when 3757 is divided by 57?
52
Calculate the remainder when 185675 is divided by 529.
525
What is the remainder when 61746 is divided by 340?
206
What is the remainder when 1680389 is divided by 9?
8
Calculate the remainder when 2246 is divided by 1052.
142
Calculate the remainder when 2096 is divided by 736.
624
Calculate the remainder when 36692 is divided by 607.
272
Calculate the remainder when 10972 is divided by 93.
91
Calculate the remainder when 779 is divided by 399.
380
Calculate the remainder when 2371 is divided by 133.
110
Calculate the remainder when 9832 is divided by 364.
4
What is the remainder when 32645 is divided by 8161?
1
What is the remainder when 3688 is divided by 10?
8
Calculate the remainder when 3719 is divided by 47.
6
Calculate the remainder when 3832107 is divided by 171.
168
What is the remainder when 270596 is divided by 70?
46
Calculate the remainder when 394423 is divided by 15.
13
What is the remainder when 114400 is divided by 259?
181
Calculate the remainder when 5847155 is divided by 84.
83
What is the remainder when 844220 is divided by 140703?
2
What is the remainder when 1644 is divided by 472?
228
What is the remainder when 2126 is divided by 647?
185
What is the remainder when 7653 is divided by 186?
27
What is the remainder when 12563838 is divided by 1340?
1338
Calculate the remainder when 4322 is divided by 1515.
1292
What is the remainder when 1611 is divided by 67?
3
Calculate the remainder when 27287 is divided by 20.
7
What is the remainder when 1039 is divided by 172?
7
What is the remainder when 107999 is divided by 341?
243
What is the remainder when 531 is divided by 134?
129
Calculate the remainder when 29372 is divided by 27.
23
Calculate the remainder when 29406 is divided by 8.
6
Calculate the remainder when 1581 is divided by 225.
6
Calculate the remainder when 14010 is divided by 2333.
12
Calculate the remainder when 6678 is divided by 559.
529
What is the remainder when 70119 is divided by 13?
10
Calculate the remainder when 85859 is divided by 180.
179
What is the remainder when 26717 is divided by 1897?
159
What is the remainder when 32724 is divided by 119?
118
Calculate the remainder when 1532515 is divided by 344.
339
Calculate the remainder when 5814 is divided by 277.
274
Calculate the remainder when 202597 is divided by 28942.
3
What is the remainder when 1004 is divided by 341?
322
What is the remainder when 83026 is divided by 37?
35
Calculate the remainder when 31423 is divided by 38.
35
What is the remainder when 4265 is divided by 89?
82
What is the remainder when 8202 is divided by 8198?
4
What is the remainder when 86568 is divided by 11?
9
Calculate the remainder when 75777 is divided by 25257.
6
What is the remainder when 6397 is divided by 633?
67
What is the remainder when 1894 is divided by 384?
358
What is the remainder when 12220 is divided by 10?
0
Calculate the remainder when 2854 is divided by 22.
16
What is the remainder when 5394 is divided by 944?
674
Calculate the remainder when 2052471 is divided by 2831.
2827
Calculate the remainder when 21974 is divided by 948.
170
What is the remainder when 43791 is divided by 2918?
21
What is the remainder when 165169 is divided by 1180?
1149
What is the remainder when 310902 is divided by 41?
40
Calculate the remainder when 24262 is divided by 20.
2
Calculate the remainder when 164132 is divided by 20.
12
What is the remainder when 21050 is divided by 4?
2
Calculate the remainder when 766 is divided by 219.
109
What is the remainder when 3112 is divided by 517?
10
Calculate the remainder when 56235 is divided by 28117.
1
Calculate the remainder when 16354 is divided by 1813.
37
What is the remainder when 4681 is divided by 540?
361
What is the remainder when 1053379 is divided by 10?
9
What is the remainder when 52 is divided by 29?
23
What is the remainder when 37591 is divided by 12485?
136
What is the remainder when 363524 is divided by 264?
260
What is the remainder when 2458858 is divided by 13?
12
Calculate the remainder when 37306 is divided by 37074.
232
What is the remainder when 4615 is divided by 122?
101
Calculate the remainder when 424293 is divided by 14.
9
Calculate the remainder when 23792 is divided by 216.
32
What is the remainder when 5605 is divided by 492?
193
Calculate the remainde